hen 8747 is divided by 85.
77
What is the remainder when 2157 is divided by 164?
25
What is the remainder when 4565 is divided by 1871?
823
What is the remainder when 120694 is divided by 12?
10
What is the remainder when 244359 is divided by 55?
49
Calculate the remainder when 402812 is divided by 1503.
8
What is the remainder when 19223 is divided by 104?
87
Calculate the remainder when 2365 is divided by 1097.
171
Calculate the remainder when 1604498 is divided by 774.
770
Calculate the remainder when 1700258 is divided by 377.
365
Calculate the remainder when 953963 is divided by 594.
593
What is the remainder when 7001 is divided by 467?
463
What is the remainder when 3735 is divided by 381?
306
What is the remainder when 433 is divided by 196?
41
What is the remainder when 42097 is divided by 237?
148
What is the remainder when 213076 is divided by 47?
25
Calculate the remainder when 82775 is divided by 26.
17
Calculate the remainder when 880168 is divided by 10.
8
What is the remainder when 5217 is divided by 1301?
13
What is the remainder when 4132 is divided by 900?
532
Calculate the remainder when 19684 is divided by 155.
154
Calculate the remainder when 314060 is divided by 12079.
6
What is the remainder when 15378 is divided by 5109?
51
What is the remainder when 24667 is divided by 398?
389
Calculate the remainder when 1211484 is divided by 103.
101
Calculate the remainder when 2977 is divided by 549.
232
What is the remainder when 633644 is divided by 129?
125
Calculate the remainder when 21767 is divided by 6941.
944
Calculate the remainder when 7241 is divided by 105.
101
What is the remainder when 10781 is divided by 18?
17
Calculate the remainder when 100781 is divided by 869.
846
What is the remainder when 335432 is divided by 266?
6
Calculate the remainder when 1123354 is divided by 228.
226
What is the remainder when 4303 is divided by 704?
79
What is the remainder when 65624 is divided by 790?
54
Calculate the remainder when 16526 is divided by 661.
1
What is the remainder when 188480 is divided by 2513?
5
What is the remainder when 2508 is divided by 2357?
151
Calculate the remainder when 38453 is divided by 76.
73
Calculate the remainder when 38397 is divided by 210.
177
What is the remainder when 9998 is divided by 73?
70
Calculate the remainder when 571545 is divided by 195.
0
What is the remainder when 854 is divided by 85?
4
What is the remainder when 324275 is divided by 577?
1
What is the remainder when 1836596 is divided by 194?
192
Calculate the remainder when 136178 is divided by 325.
3
What is the remainder when 11734 is divided by 15?
4
Calculate the remainder when 17579 is divided by 1463.
23
Calculate the remainder when 13817 is divided by 13.
11
What is the remainder when 20850 is divided by 1390?
0
Calculate the remainder when 553656 is divided by 92.
0
What is the remainder when 1628 is divided by 26?
16
Calculate the remainder when 80019 is divided by 398.
21
Calculate the remainder when 2697 is divided by 146.
69
Calculate the remainder when 5551355 is divided by 186.
185
What is the remainder when 51511 is divided by 17159?
34
Calculate the remainder when 28970 is divided by 337.
325
What is the remainder when 58069 is divided by 5278?
11
What is the remainder when 48620 is divided by 161?
159
What is the remainder when 395700 is divided by 192?
180
Calculate the remainder when 3655 is divided by 151.
31
Calculate the remainder when 525082 is divided by 865.
27
What is the remainder when 88060 is divided by 471?
454
What is the remainder when 8602677 is divided by 10?
7
Calculate the remainder when 110100 is divided by 277.
131
What is the remainder when 13130 is divided by 231?
194
Calculate the remainder when 60226 is divided by 1159.
1117
Calculate the remainder when 2760 is divided by 43.
8
Calculate the remainder when 125422 is divided by 29.
26
What is the remainder when 178103 is divided by 52?
3
What is the remainder when 41319 is divided by 677?
22
What is the remainder when 53734 is divided by 20?
14
Calculate the remainder when 461200 is divided by 28.
12
What is the remainder when 653893 is divided by 31?
10
Calculate the remainder when 14522 is divided by 1301.
211
Calculate the remainder when 134915 is divided by 838.
835
Calculate the remainder when 63711 is divided by 102.
63
Calculate the remainder when 4505 is divided by 32.
25
What is the remainder when 113238 is divided by 17?
1
What is the remainder when 108439 is divided by 108428?
11
What is the remainder when 12404 is divided by 109?
87
Calculate the remainder when 2396 is divided by 575.
96
Calculate the remainder when 7326 is divided by 540.
306
What is the remainder when 629 is divided by 73?
45
Calculate the remainder when 83032 is divided by 644.
600
What is the remainder when 49074 is divided by 24481?
112
What is the remainder when 127549 is divided by 17?
15
What is the remainder when 297187 is divided by 243?
241
What is the remainder when 91693 is divided by 30?
13
What is the remainder when 194284 is divided by 771?
763
What is the remainder when 278750 is divided by 7743?
2
Calculate the remainder when 185370 is divided by 61790.
0
What is the remainder when 152136 is divided by 38?
22
What is the remainder when 2669 is divided by 447?
434
What is the remainder when 55944 is divided by 22?
20
Calculate the remainder when 58857 is divided by 270.
267
Calculate the remainder when 2656 is divided by 165.
16
Calculate the remainder when 11885 is divided by 3960.
5
Calculate the remainder when 6822 is divided by 80.
22
Calculate the remainder when 1491 is divided by 68.
63
Calculate the remainder when 20060 is divided by 418.
414
Calculate the remainder when 816518 is divided by 1430.
1418
What is the remainder when 1599 is divided by 275?
224
What is the remainder when 1691 is divided by 32?
27
What is the remainder when 192867 is divided by 35?
17
What is the remainder when 3958 is divided by 40?
38
Calculate the remainder when 6672 is divided by 59.
5
What is the remainder when 8799 is divided by 440?
439
What is the remainder when 826 is divided by 302?
222
What is the remainder when 9460 is divided by 2306?
236
What is the remainder when 58882 is divided by 7358?
18
Calculate the remainder when 9005 is divided by 8.
5
What is the remainder when 10531 is divided by 10522?
9
Calculate the remainder when 39154 is divided by 86.
24
What is the remainder when 15149 is divided by 185?
164
Calculate the remainder when 996 is divided by 449.
98
Calculate the remainder when 43051 is divided by 281.
58
What is the remainder when 104564 is divided by 372?
32
Calculate the remainder when 14711 is divided by 445.
26
What is the remainder when 5967 is divided by 6?
3
Calculate the remainder when 1147 is divided by 561.
25
Calculate the remainder when 10693 is divided by 114.
91
What is the remainder when 40517 is divided by 925?
742
Calculate the remainder when 372912 is divided by 86.
16
Calculate the remainder when 180 is divided by 119.
61
What is the remainder when 87616 is divided by 840?
256
Calculate the remainder when 421497 is divided by 161.
160
Calculate the remainder when 7803 is divided by 162.
27
Calculate the remainder when 116303 is divided by 35.
33
Calculate the remainder when 1049566 is divided by 59.
15
What is the remainder when 4831 is divided by 18?
7
What is the remainder when 20213 is divided by 56?
53
What is the remainder when 798 is divided by 128?
30
What is the remainder when 4257 is divided by 30?
27
What is the remainder when 393909 is divided by 1045?
989
What is the remainder when 58105 is divided by 16?
9
What is the remainder when 86733 is divided by 922?
65
Calculate the remainder when 1058 is divided by 996.
62
What is the remainder when 82803 is divided by 20698?
11
Calculate the remainder when 96815 is divided by 19359.
20
Calculate the remainder when 225541 is divided by 44.
41
Calculate the remainder when 15060 is divided by 15035.
25
Calculate the remainder when 10496 is divided by 28.
24
Calculate the remainder when 316569 is divided by 40.
9
What is the remainder when 1660 is divided by 1259?
401
What is the remainder when 14392 is divided by 288?
280
Calculate the remainder when 